{"id":90,"date":"2019-09-03T16:37:46","date_gmt":"2019-09-03T16:37:46","guid":{"rendered":"http:\/\/www.desarrollo.uy\/sitio_PyC\/?page_id=90"},"modified":"2026-04-23T10:54:30","modified_gmt":"2026-04-23T13:54:30","slug":"servicios","status":"publish","type":"page","link":"https:\/\/www.ecografiaspyc.com.uy\/index.php\/servicios\/","title":{"rendered":"Servicios"},"content":{"rendered":"<p>[et_pb_section fb_built=\u00bb1&#8243; _builder_version=\u00bb3.0.47&#8243;][et_pb_row _builder_version=\u00bb3.0.106&#8243; background_size=\u00bbinitial\u00bb background_position=\u00bbtop_left\u00bb background_repeat=\u00bbrepeat\u00bb][et_pb_column type=\u00bb4_4&#8243; _builder_version=\u00bb3.0.47&#8243; parallax=\u00bboff\u00bb parallax_method=\u00bbon\u00bb][et_pb_blurb title=\u00bbServicios\u00bb icon_color=\u00bb#df0f61&#8243; _builder_version=\u00bb3.0.106&#8243; header_level=\u00bbh2&#8243; header_font=\u00bbTelex|||on|||||\u00bb header_text_color=\u00bb#000000&#8243; header_letter_spacing=\u00bb10px\u00bb body_font=\u00bbTelex||||||||\u00bb body_text_color=\u00bb#000000&#8243; text_orientation=\u00bbcenter\u00bb][\/et_pb_blurb][et_pb_image src=\u00bbhttp:\/\/www.ecografiaspyc.com.uy\/wp-content\/uploads\/2020\/12\/consultrio-1024&#215;735-2.jpeg\u00bb force_fullwidth=\u00bbon\u00bb _builder_version=\u00bb3.0.106&#8243; module_alignment=\u00bbcenter\u00bb admin_label=\u00bbImagen\u00bb][\/et_pb_image][et_pb_text _builder_version=\u00bb3.0.106&#8243; text_font=\u00bbTelex||||||||\u00bb text_text_color=\u00bb#000000&#8243;]<\/p>\n<table height=\"46\" border=\"0\" style=\"height: 46px; border-color: #FFFFFF;\">\n<tbody>\n<tr>\n<td>\n<p>ECOGRAF\u00cdA 6D<\/p>\n<p>ECOGRAF\u00cdA 5D<\/p>\n<p>ECOGRAF\u00cdA 4D<\/p>\n<p>ECOGRAF\u00cdA OBSTETRICA<\/p>\n<p>ECOGRAF\u00cdA GINECOLOGICA<\/p>\n<p>ECOGRAF\u00cdA ESTRUCTURAL<\/p>\n<p>ECOGRAF\u00cdA TRANSVAGINAL<\/p>\n<p>ECOGRAF\u00cdA DOPPLER FETAL<\/p>\n<p>ECOGRAF\u00cdA APARATO URINARIO<\/p>\n<p>ECOGRAF\u00cdA TIROIDES<\/p>\n<p>ECOGRAF\u00cdA TRANSLUSENCIA NUCAL<\/p>\n<p>ESTUDIO ADN FETAL<\/p>\n<p>&nbsp;<\/p>\n<p>&nbsp;<\/p>\n<\/td>\n<td>\n<p>ECOGRAF\u00cdA ARTICULAR<\/p>\n<p>ECOGRAF\u00cdA TESTICULARE<\/p>\n<p>ECOGRAF\u00cdA PEDIATRICA<\/p>\n<p>ECOGRAF\u00cdA\u00a0 DE CADERA<\/p>\n<p>ECOGRAF\u00cdA TRANSFONTANELAR<\/p>\n<p>ECOGRAF\u00cdA DOPPLER MIEMBROS INFERIORES Y SUPERIORES<\/p>\n<p>ECOGRAF\u00cdA DOPPLER VASOS CUELLO<\/p>\n<p>ECOGRAF\u00cdA MAMARIA<\/p>\n<p>ECOGRAF\u00cdA PARTES BLANDAS<\/p>\n<p>ECOGRAF\u00cdA ABDOMEN<\/p>\n<p>&nbsp;<\/p>\n<p>&nbsp;<\/p>\n<p>&nbsp;<\/p>\n<\/td>\n<\/tr>\n<\/tbody>\n<\/table>\n<p><strong>Junto con tu eco 4D\/5D\/6D te entregamos:<\/strong><\/p>\n<ul>\n<li><em><\/em>Foto impresa en papel fotogr\u00e1fico A4<\/li>\n<li>Clip de video con la totalidad del estudio (Es necesario proporcionar pendrive<span>\u00a0<\/span><strong>nuevo<\/strong>)<\/li>\n<li>Informaci\u00f3n del estudio ecogr\u00e1fico firmado por m\u00e9dico ginec\u00f3logo<\/li>\n<li>Estimaci\u00f3n del peso fetal y curva de crecimiento.<\/li>\n<li>Estimaci\u00f3n de peso fetal al t\u00e9rmino del embarazo.<\/li>\n<\/ul>\n<p>&nbsp;<\/p>\n<p>[\/et_pb_text][\/et_pb_column][\/et_pb_row][\/et_pb_section][et_pb_section fb_built=\u00bb1&#8243; background_color=\u00bb#f8f2f7&#8243; _builder_version=\u00bb3.0.106&#8243; global_module=\u00bb337&#8243; saved_tabs=\u00bball\u00bb][et_pb_row _builder_version=\u00bb3.0.106&#8243; custom_padding=\u00bb27px|0px|27px|0px\u00bb][et_pb_column type=\u00bb4_4&#8243; _builder_version=\u00bb3.0.47&#8243; parallax=\u00bboff\u00bb parallax_method=\u00bbon\u00bb][et_pb_text _builder_version=\u00bb3.0.106&#8243; text_font=\u00bbTelex||||||||\u00bb text_font_size=\u00bb14px\u00bb text_text_color=\u00bb#000000&#8243;]<\/p>\n<p style=\"text-align: center;\"><span>Consultorioecograficopyc@gmail.com<\/span>\u00a0| \u00a92023 Consultorio P&amp;C| Consultorio ecogr\u00e1fico |\u00a0 Uruguay | <span style=\"color: #e21d68;\">MONTEVIDEO<\/span>:\u00a0<strong><a href=\"https:\/\/api.whatsapp.com\/send?phone=59898685095\">098 685 095<\/a><\/strong>\u00a0o <strong>2406 7992\u00a0<\/strong>&#8211; Bulevar Artigas 1635. <strong>Frente a hospital Pereira Rossell<\/strong>\u00a0&#8211; <span style=\"color: #e21d68;\">ATL\u00c1NTIDA<\/span>: <strong><a href=\"https:\/\/api.whatsapp.com\/send?phone=59898446294\">098 446 294<\/a><\/strong>\u00a0&#8211;\u00a0<span class=\"JsGRdQ\">Circunvalaci\u00f3n esquina Calle 7\u00a0<\/span>Manzana 62, Solar 6.<\/p>\n<p>&nbsp;<\/p>\n<p>[\/et_pb_text][\/et_pb_column][\/et_pb_row][\/et_pb_section]<\/p>\n","protected":false},"excerpt":{"rendered":"<p>[et_pb_section fb_built=\u00bb1&#8243; _builder_version=\u00bb3.0.47&#8243;][et_pb_row _builder_version=\u00bb3.0.106&#8243; background_size=\u00bbinitial\u00bb background_position=\u00bbtop_left\u00bb background_repeat=\u00bbrepeat\u00bb][et_pb_column type=\u00bb4_4&#8243; _builder_version=\u00bb3.0.47&#8243; parallax=\u00bboff\u00bb parallax_method=\u00bbon\u00bb][et_pb_blurb title=\u00bbServicios\u00bb icon_color=\u00bb#df0f61&#8243; _builder_version=\u00bb3.0.106&#8243; header_level=\u00bbh2&#8243; header_font=\u00bbTelex|||on|||||\u00bb header_text_color=\u00bb#000000&#8243; header_letter_spacing=\u00bb10px\u00bb body_font=\u00bbTelex||||||||\u00bb body_text_color=\u00bb#000000&#8243; text_orientation=\u00bbcenter\u00bb][\/et_pb_blurb][et_pb_image src=\u00bbhttp:\/\/www.ecografiaspyc.com.uy\/wp-content\/uploads\/2020\/12\/consultrio-1024&#215;735-2.jpeg\u00bb force_fullwidth=\u00bbon\u00bb _builder_version=\u00bb3.0.106&#8243; module_alignment=\u00bbcenter\u00bb admin_label=\u00bbImagen\u00bb][\/et_pb_image][et_pb_text _builder_version=\u00bb3.0.106&#8243; text_font=\u00bbTelex||||||||\u00bb text_text_color=\u00bb#000000&#8243;] ECOGRAF\u00cdA 6D ECOGRAF\u00cdA 5D ECOGRAF\u00cdA 4D ECOGRAF\u00cdA OBSTETRICA ECOGRAF\u00cdA GINECOLOGICA ECOGRAF\u00cdA ESTRUCTURAL ECOGRAF\u00cdA TRANSVAGINAL ECOGRAF\u00cdA DOPPLER FETAL ECOGRAF\u00cdA APARATO URINARIO ECOGRAF\u00cdA TIROIDES ECOGRAF\u00cdA TRANSLUSENCIA NUCAL ESTUDIO [&hellip;]<\/p>\n","protected":false},"author":1,"featured_media":0,"parent":0,"menu_order":0,"comment_status":"closed","ping_status":"closed","template":"","meta":{"_monsterinsights_skip_tracking":false,"_monsterinsights_sitenote_active":false,"_monsterinsights_sitenote_note":"","_monsterinsights_sitenote_category":0,"_uf_show_specific_survey":0,"_uf_disable_surveys":false,"footnotes":""},"class_list":["post-90","page","type-page","status-publish","hentry"],"aioseo_notices":[],"_links":{"self":[{"href":"https:\/\/www.ecografiaspyc.com.uy\/index.php\/wp-json\/wp\/v2\/pages\/90","targetHints":{"allow":["GET"]}}],"collection":[{"href":"https:\/\/www.ecografiaspyc.com.uy\/index.php\/wp-json\/wp\/v2\/pages"}],"about":[{"href":"https:\/\/www.ecografiaspyc.com.uy\/index.php\/wp-json\/wp\/v2\/types\/page"}],"author":[{"embeddable":true,"href":"https:\/\/www.ecografiaspyc.com.uy\/index.php\/wp-json\/wp\/v2\/users\/1"}],"replies":[{"embeddable":true,"href":"https:\/\/www.ecografiaspyc.com.uy\/index.php\/wp-json\/wp\/v2\/comments?post=90"}],"version-history":[{"count":29,"href":"https:\/\/www.ecografiaspyc.com.uy\/index.php\/wp-json\/wp\/v2\/pages\/90\/revisions"}],"predecessor-version":[{"id":1210,"href":"https:\/\/www.ecografiaspyc.com.uy\/index.php\/wp-json\/wp\/v2\/pages\/90\/revisions\/1210"}],"wp:attachment":[{"href":"https:\/\/www.ecografiaspyc.com.uy\/index.php\/wp-json\/wp\/v2\/media?parent=90"}],"curies":[{"name":"wp","href":"https:\/\/api.w.org\/{rel}","templated":true}]}}